.
12
Let w(k) = 20. Let i(s) = s + 1. Let z(x) = 6*i(x) + w(x). Let v be z(11). Calculate the greatest common divisor of v and 23.
23
Let j(o) = 17*o**2. Suppose -2*g - 3 = -5*g. Let u be j(g). What is the greatest common factor of u and 68?
17
Suppose -3*h - 2*q = 2*h - 69, 0 = -h + 5*q + 30. Suppose 2*a + h = x, 2*a + 1 = -3. Calculate the greatest common factor of 11 and x.
11
Let m = 5 - -39. What is the greatest common divisor of m and 4?
4
Let w be -5 + 5 - (-2 - 1). What is the highest common divisor of w and 1?
1
Let y(c) = -c + 8. Let g be y(6). Suppose -2*v = 4*x - 18, 0*v + 5*x - 21 = -v. Suppose -v + 3 = 2*m. Calculate the highest common divisor of m and g.
1
Suppose -2 + 18 = 4*d. Let w be (-40)/(0 + (-2)/d). Calculate the highest common factor of 20 and w.
20
Let s = 3 + -3. Let w = s - -1. Suppose z - 6 = -1. What is the highest common divisor of w and z?
1
Let u be (13/4)/(4/16). Let o = -7 + u. Calculate the highest common divisor of o and 30.
6
Let a(r) = r**3 - 4*r**2 - 2*r + 10. Let v be a(6). What is the highest common divisor of 14 and v?
14
Let g(w) = w**3 - w**2 - 2*w + 2. Let p be g(3). What is the highest common factor of p and 98?
14
Let d be (55/(-10))/(1/(-6)). Suppose -s + 27 = -d. Calculate the highest common factor of s and 12.
12
Let o(d) = d - 9. Let p be o(7). Let c(k) = -10*k - 1. Let z be c(p). What is the greatest common factor of z and 57?
19
Let u be (-3)/(2/((-12)/9)). Let i(b) = -u*b + b + 4*b + 1. Let k be i(2). What is the highest common divisor of 28 and k?
7
Let w be (-53)/(-3) - (-3)/9. Suppose 0 = -3*k + 5*k - 4. Suppose 4*o + k*l = 38, 0 = -2*o + 5*o - 2*l - 46. What is the greatest common divisor of o and w?
6
Let t = -49 + 139. What is the highest common factor of t and 15?
15
Let x(t) = 4*t**2 + 3*t - 37. Let o be x(-7). Calculate the greatest common divisor of 92 and o.
46
Let m = -70 - -71. What is the highest common factor of 1 and m?
1
Let b = 120 + 25. What is the greatest common divisor of 58 and b?
29
Let c = 177 + -75. What is the highest common factor of 6 and c?
6
Suppose 5*y = -5*t + 25, -3*t = -6*t + y + 19. What is the greatest common factor of 48 and t?
6
Let f be (-4*3)/(-3 + 2). Suppose -2*a = -5*s + 360 + 127, 0 = -3*a + f. Let b = -8 - -17. Calculate the greatest common factor of s and b.
9
Suppose -3*y - 60 = -2*q + 146, -y = 3*q - 298. Calculate the greatest common factor of q and 40.
20
Suppose o + 0*o - 5*r = 25, o = -5*r - 5. Suppose 41 = -6*p + 101. What is the greatest common factor of p and o?
10
Let v be 4/(13/11 + -1). What is the highest common factor of v and 242?
22
Let x(d) = -3*d - 1. Let y be x(-6). Let p be (-2)/7 - 121/(-7). What is the highest common factor of y and p?
17
Suppose 0 = 5*m - 3*y - 38 - 7, -m = -5*y - 31. Suppose -5*o + 0*o - 40 = -f, 0 = 3*o + 6. What is the highest common divisor of m and f?
6
Suppose 5*x + 2*u = 35, 0*x + 3*x + 4*u = 21. What is the highest common factor of x and 14?
7
Let m be 12*(134/6 - 4). What is the highest common divisor of m and 20?
20
Suppose -5*c - 35 = -5*h, -2*c - 18 = -3*h - 0*c. Let g = h + -2. Let f(a) = 6*a**2 - a. Let p be f(1). Calculate the highest common divisor of g and p.
1
Suppose 0 = 3*y - 5*n - 2 - 30, -2*y - 3*n + 34 = 0. Let p be (-7 + 2)*14/(-5). Calculate the highest common factor of y and p.
14
Let g be -1 + (0 - -29) - (-1 - -4). What is the highest common factor of 5 and g?
5
Let g(q) = q**3 - 4*q**2 - 10*q + 8. Let j be g(6). Suppose j = -w + 4. Let d be (-1)/(-4) + (-508)/w. Calculate the highest common factor of 8 and d.
8
Let s(q) = -q**3 - 3*q**2 + 6*q - 2. Let x be s(-5). Calculate the greatest common factor of x and 126.
18
Let z = 3 - 0. Calculate the highest common factor of 24 and z.
3
Let r(f) = -f + 12. Let v be r(9). Let k be (v - 1) + (-12)/(-4). Suppose -113 = -k*c - 48. Calculate the highest common divisor of c and 117.
13
Suppose 12 = 6*d - 30. What is the highest common factor of 14 and d?
7
Suppose 5*r - 38 = t, 26 = 3*r + 2*t - t. Let o = r + 3. Let v(w) = w**3 + 12*w**2 - 13*w + 11. Let l be v(-13). What is the highest common factor of l and o?
11
Let k = -45 - -70. Suppose -3*o = -2 - 7. Let b be (o/(-6))/(2/(-40)). Calculate the greatest common divisor of k and b.
5
Let m = 120 + 101. Suppose -548 = -5*f - t, t + 3 = -2*f + m. Calculate the greatest common factor of 11 and f.
11
Suppose i + 1 + 4 = 0, -2*i + 914 = 4*r. Let z be ((3 - -39)/7)/((-4)/(-14)). Calculate the greatest common divisor of r and z.
21
Let m = 19 + -9. Let g be (-1*4)/(m/(-40)). What is the highest common factor of 144 and g?
16
Let a be (-9)/12 - (-19)/4. Suppose 127 + 89 = a*s. Calculate the highest common divisor of s and 27.
27
Let f(r) = -2*r - 3. Let a be f(-4). Suppose h + 11 - 3 = 4*c, 0 = -a*h + 4*c + 24. Calculate the highest common divisor of 12 and h.
4
Suppose 2*m - 33 = -5*s, 5*m = s + 3*s. Let o(l) = -17*l + 2 + 39*l - 4. Let i be o(s). Calculate the greatest common factor of 12 and i.
12
Let j(y) = y**3 - y**2 - y + 1. Let b(i) = -4*i**3 + 8*i + 2. Let u(r) = b(r) + 3*j(r). Let o be u(-5). What is the highest common divisor of o and 20?
10
Let o be 0 - (2 + -3 + 1). Suppose d - 36 = -3*c, o = -2*d + 4*c - 2*c + 56. Calculate the greatest common divisor of 45 and d.
15
Suppose 4*q - 355 = 4*m + 269, m - 150 = -q. What is the greatest common divisor of 9 and q?
9
Let a = -77 - -117. Let q = 110 - 105. Calculate the greatest common divisor of q and a.
5
Let x(i) = -19*i + 19. Let m be x(-2). Calculate the highest common factor of 76 and m.
19
Let i = -1 + 4. Suppose -j = i*j - 84. What is the highest common divisor of j and 105?
21
Let j = -278 - -193. Let m = j - -166. Calculate the greatest common factor of 9 and m.
9
Let z = 16 - 11. Let d = 7 - z. Calculate the greatest common divisor of 16 and d.
2
Let a = 102 - 21. Let d = 55 - 1. What is the greatest common factor of a and d?
27
Let v(k) = -k + 115. Let b be v(0). Suppose 20 = 3*u - b. Suppose 5*t - f = t + 21, 3*t + 3*f = 12. Calculate the highest common factor of t and u.
5
Let p be (-66)/7*(-56)/8. What is the highest common factor of 6 and p?
6
Suppose 2*u - 89 + 19 = -4*c, -4*c + 4*u + 64 = 0. Calculate the greatest common divisor of 153 and c.
17
Let l(x) = -x - 9. Let y be l(7). Let g be y/((-1)/3*3). Calculate the highest common factor of g and 16.
16
Let w be (16/10)/(2/40). Let b = w + -22. What is the greatest common factor of 10 and b?
10
Suppose 0 = 2*h + 2*h - 480. Let r be (-4)/(-26) - (-386)/26. What is the greatest common factor of r and h?
15
Let a(i) = -3*i - 4. Let d = -2 - 7. Let l be a(d). Calculate the highest common divisor of 46 and l.
23
Let c be ((-4)/(-5))/((-3)/(-15)). Let f(q) = q - 2. Let y be f(4). Suppose y*o + o + 5*s = 152, 4*s = 4*o - 160. What is the highest common factor of o and c?
4
Suppose -3 = -2*q + q. Suppose -q*l + 18 = 4*d, 3*l + 0*l = -2*d + 6. Suppose -2*n + 22 = -d. What is the highest common divisor of n and 28?
14
Suppose 0 = -4*q + 4*y + 728, -4*q + y + 768 = 5*y. Calculate the highest common factor of 11 and q.
11
Suppose -x + 3 = -o + 69, -5*o = -4*x - 328. Calculate the highest common divisor of 48 and o.
16
Suppose 0 = 3*q + 2*q. Let k be (-3 - (q + -145)) + 1. What is the highest common divisor of k and 13?
13
Let y(r) = -13 - 2*r + 8 + 3*r. Suppose 5*q + 80 = 4*o + 32, 5*o + 2*q = 27. Let n be y(o). Calculate the greatest common divisor of 4 and n.
2
Let j(k) = k + 13. Let g be j(0). Calculate the highest common factor of g and 52.
13
Let f = 29 + -10. What is the greatest common divisor of f and 133?
19
Let t = -6 - -3. Let g(v) = 1. Let q(a) = -14*a - 4. Let h(y) = t*g(y) + q(y). Let n be h(-6). Calculate the highest common divisor of 11 and n.
11
Suppose -5*s = -x, 0 = -3*x + 3*s + 1 + 11. Suppose -x*z = -9 - 41. Let y be z/(-4)*4/(-10). What is the highest common factor of y and 8?
1
Suppose -2*j + 15 = 5*v, -2*j + 7 - 1 = -4*v. Suppose 1 = -j*s + 11. Suppose 5*o - 22 = -3*l, 1 = 2*l + o - 23. Calculate the highest common factor of l and s.
2
Let l be 12/7 + (-6)/(-21). Suppose 3*s - 17 - 15 = 2*i, 2*s + 5*i = 15. What is the greatest common factor of s and l?
2
Suppose 0 = -9*q + 5*q + 360. Let u = 20 - 11. What is the greatest common factor of q and u?
9
Let g